the prime factors of 16092.
2, 3, 149
What are the prime factors of 1965?
3, 5, 131
List the prime factors of 684.
2, 3, 19
List the prime factors of 420.
2, 3, 5, 7
List the prime factors of 13995.
3, 5, 311
List the prime factors of 105068.
2, 26267
What are the prime factors of 2595?
3, 5, 173
What are the prime factors of 154?
2, 7, 11
What are the prime factors of 7572?
2, 3, 631
What are the prime factors of 8671?
13, 23, 29
What are the prime factors of 147957?
3, 149, 331
What are the prime factors of 34387?
137, 251
What are the prime factors of 2294?
2, 31, 37
What are the prime factors of 161695?
5, 73, 443
List the prime factors of 17407.
13, 103
List the prime factors of 8197.
7, 1171
What are the prime factors of 73?
73
List the prime factors of 1527.
3, 509
List the prime factors of 46444.
2, 17, 683
List the prime factors of 73647.
3, 7, 167
List the prime factors of 3063.
3, 1021
What are the prime factors of 7214?
2, 3607
What are the prime factors of 11252?
2, 29, 97
What are the prime factors of 8367?
3, 2789
List the prime factors of 766.
2, 383
List the prime factors of 67296.
2, 3, 701
What are the prime factors of 26424?
2, 3, 367
What are the prime factors of 14163?
3, 4721
List the prime factors of 1537.
29, 53
What are the prime factors of 64512?
2, 3, 7
What are the prime factors of 35199?
3, 3911
What are the prime factors of 21732?
2, 3, 1811
What are the prime factors of 3310?
2, 5, 331
What are the prime factors of 75?
3, 5
List the prime factors of 4125.
3, 5, 11
List the prime factors of 24134.
2, 11, 1097
What are the prime factors of 127013?
157, 809
What are the prime factors of 13314?
2, 3, 7, 317
List the prime factors of 28019.
28019
What are the prime factors of 14269?
19, 751
List the prime factors of 490.
2, 5, 7
What are the prime factors of 1801?
1801
List the prime factors of 10220.
2, 5, 7, 73
What are the prime factors of 2220?
2, 3, 5, 37
List the prime factors of 1176.
2, 3, 7
List the prime factors of 595.
5, 7, 17
List the prime factors of 451.
11, 41
What are the prime factors of 6438?
2, 3, 29, 37
What are the prime factors of 446?
2, 223
List the prime factors of 1790.
2, 5, 179
List the prime factors of 679.
7, 97
List the prime factors of 12017.
61, 197
List the prime factors of 21245.
5, 7, 607
What are the prime factors of 20547?
3, 761
What are the prime factors of 8250?
2, 3, 5, 11
List the prime factors of 1832.
2, 229
List the prime factors of 6133.
6133
What are the prime factors of 488?
2, 61
List the prime factors of 2634.
2, 3, 439
What are the prime factors of 1230?
2, 3, 5, 41
List the prime factors of 26770.
2, 5, 2677
List the prime factors of 51988.
2, 41, 317
What are the prime factors of 122511?
3, 97, 421
List the prime factors of 10584.
2, 3, 7
List the prime factors of 73684.
2, 13, 109
What are the prime factors of 66965?
5, 59, 227
List the prime factors of 91667.
31, 2957
List the prime factors of 38332.
2, 7, 37
List the prime factors of 106144.
2, 31, 107
What are the prime factors of 2430?
2, 3, 5
What are the prime factors of 1187?
1187
What are the prime factors of 6593?
19, 347
List the prime factors of 1416.
2, 3, 59
What are the prime factors of 26840?
2, 5, 11, 61
What are the prime factors of 12219?
3, 4073
List the prime factors of 532.
2, 7, 19
What are the prime factors of 5964?
2, 3, 7, 71
List the prime factors of 3651.
3, 1217
List the prime factors of 4433.
11, 13, 31
List the prime factors of 77798.
2, 7, 5557
What are the prime factors of 19593?
3, 7, 311
What are the prime factors of 2958?
2, 3, 17, 29
What are the prime factors of 174673?
174673
List the prime factors of 4296.
2, 3, 179
List the prime factors of 11314.
2, 5657
What are the prime factors of 15925?
5, 7, 13
What are the prime factors of 40743?
3, 503
What are the prime factors of 21444?
2, 3, 1787
What are the prime factors of 128995?
5, 25799
What are the prime factors of 124?
2, 31
List the prime factors of 3929.
3929
List the prime factors of 16725.
3, 5, 223
List the prime factors of 256.
2
What are the prime factors of 10919?
61, 179
What are the prime factors of 2052?
2, 3, 19
List the prime factors of 4709.
17, 277
List the prime factors of 21908.
2, 5477
What are the prime factors of 2247?
3, 7, 107
What are the prime factors of 7706?
2, 3853
What are the prime factors of 190749?
3, 13, 67, 73
What are the prime factors of 6151?
6151
List the prime factors of 3189.
3, 1063
What are the prime factors of 4127?
4127
What are the prime factors of 87485?
5, 17497
List the prime factors of 25901.
59, 439
List the prime factors of 2678.
2, 13, 103
What are the prime factors of 4913?
17
List the prime factors of 1845.
3, 5, 41
List the prime factors of 46167.
3, 11, 1399
What are the prime factors of 4184?
2, 523
What are the prime factors of 532?
2, 7, 19
What are the prime factors of 72104?
2, 9013
List the prime factors of 11485.
5, 2297
List the prime factors of 472.
2, 59
What are the prime factors of 50362?
2, 13, 149
What are the prime factors of 26168?
2, 3271
What are the prime factors of 41638?
2, 109, 191
List the prime factors of 22173.
3, 19, 389
List the prime factors of 4365.
3, 5, 97
List the prime factors of 650.
2, 5, 13
List the prime factors of 2577.
3, 859
What are the prime factors of 19859?
7, 2837
List the prime factors of 36083.
36083
What are the prime factors of 638?
2, 11, 29
What are the prime factors of 1456?
2, 7, 13
What are the prime factors of 20957?
19, 1103
What are the prime factors of 2360?
2, 5, 59
What are the prime factors of 34533?
3, 1279
List the prime factors of 1134.
2, 3, 7
What are the prime factors of 13243?
17, 19, 41
What are the prime factors of 4009?
19, 211
List the prime factors of 1494.
2, 3, 83
What are the prime factors of 10334?
2, 5167
List the prime factors of 13745.
5, 2749
List the prime factors of 8178.
2, 3, 29, 47
What are the prime factors of 631?
631
List the prime factors of 1020.
2, 3, 5, 17
List the prime factors of 7523.
7523
List the prime factors of 59324.
2, 14831
What are the prime factors of 21514?
2, 31, 347
List the prime factors of 1305.
3, 5, 29
List the prime factors of 1568.
2, 7
List the prime factors of 4376.
2, 547
List the prime factors of 3995.
5, 17, 47
What are the prime factors of 1945?
5, 389
What are the prime factors of 565?
5, 113
List the prime factors of 1499.
1499
What are the prime factors of 28575?
3, 5, 127
List the prime factors of 9566.
2, 4783
What are the prime factors of 61577?
139, 443
What are the prime factors of 13115?
5, 43, 61
What are the prime factors of 1168?
2, 73
List the prime factors of 16295.
5, 3259
What are the prime factors of 6394?
2, 23, 139
List the prime factors of 2027.
2027
List the prime factors of 20072.
2, 13, 193
What are the prime factors of 4486?
2, 2243
What are the prime factors of 11789?
11789
List the prime factors of 23052.
2, 3, 17, 113
What are the prime factors of 17757?
3, 1973
List the prime factors of 453.
3, 151
What are the prime factors of 93?
3, 31
What are the prime factors of 979?
11, 89
What are the prime factors of 5878?
2, 2939
What are the prime factors of 763?
7, 109
What are the prime factors of 56671?
56671
List the prime factors of 28571.
28571
What are the prime factors of 1509?
3, 503
List the prime factors of 934.
2, 467
What are the prime factors of 36321?
3, 12107
List the prime factors of 3970.
2, 5, 397
What are the prime factors of 11872?
2, 7, 53
List the prime factors of 455.
5, 7, 13
List the prime factors of 906.
2, 3, 151
List the prime factors of 787.
787
List the prime factors of 2188.
2, 547
List the prime factors of 9651.
3, 3217
List the prime factors of 1974.
2, 3, 7, 47
What are the prime factors of 1968?
2, 3, 41
List the prime factors of 19983.
3, 6661
List the prime factors of 715.
5, 11, 13
List the prime factors of 260.
2, 5, 13
List the prime factors of 4064.
2, 127
List the prime factors of 2523.
3, 29
What are the prime factors of 26890?
2, 5, 2689
List the prime factors of 428.
2, 107
What are the prime factors of 18275?
5, 17, 43
List the prime factors of 2127.
3, 709
What are the prime factors of 34879?
13, 2683
What are the prime factors of 7191?
3, 17, 47
List the prime factors of 1020